/i)?
7
Let b(i) = 5*i**2 - 107. Let w = -201 - -215. What is the hundreds digit of b(w)?
8
Suppose -2900 - 14677 = -9*l. What is the thousands digit of l?
1
Let f = -11587 + 30106. What is the ten thousands digit of f?
1
Let m be (-5)/35 + (-7)/(-49). Let l(f) = f**2 - 5*f + 169 - f**3 + 2*f + 2*f. What is the tens digit of l(m)?
6
Let u = -4515 + 7597. What is the thousands digit of u?
3
What is the ten thousands digit of 2*131728/10 + (-1596)/2660?
2
Suppose -5*v + 74455 = 5*w, -245*w - 44643 = -3*v - 243*w. What is the ten thousands digit of v?
1
Let b = -3225 - -5902. What is the tens digit of b?
7
Suppose 4*t = 99 + 177. Let q be -1*((-3)/1 - -1) + 1. Suppose q*w - 162 - t = 0. What is the units digit of w?
7
What is the units digit of (63669/4 - 2/8) + 4?
1
Suppose 41*u - 56 = 55*u. Let d(k) = -k**2. Let s(f) = -3*f**3 - 10*f**2 + 6*f + 7. Let n(j) = -6*d(j) + s(j). What is the tens digit of n(u)?
1
Suppose 2855*x = 2837*x + 30801 + 162987. What is the units digit of x?
6
Let s = 71943 + -39216. What is the hundreds digit of s?
7
Let l(q) = -2*q**2 - 17*q - 14. Let m be l(-7). Suppose 824 = 15*i - m*i. What is the hundreds digit of i?
1
Let j be (0 - (-582)/18)*6. Let c = j + 561. What is the tens digit of c?
5
Let b = 4 + 5. Suppose b + 9 = 2*v + 2*n, 8 = -3*v + 4*n. Suppose -v*j + 47 + 13 = 0. What is the units digit of j?
5
Let n be -46 - -54 - (1 - -4). Suppose 0 = n*s + 3*j - 495, -4*s - 5*j + 324 = -2*s. What is the units digit of s?
7
Let z = -162 - -104. Let g = 65 + z. Suppose -g*i + 1772 = 106. What is the tens digit of i?
3
Suppose 5*l + k = 27, 0 = -3*l - l - k + 22. Suppose 5*r = -l*r + 20. Let i(g) = 52*g + 4. What is the hundreds digit of i(r)?
1
Suppose l - 20*x = -23*x + 1323, -l - 2*x + 1327 = 0. What is the hundreds digit of l?
3
What is the hundreds digit of 36/(126/(-14)) - -3341?
3
Let v = 68407 + -34595. What is the tens digit of v?
1
Let j = 32882 - 553. What is the hundreds digit of j?
3
Let u(c) = 6*c - 1487 + 1479 + 3*c. Let r be u(14). Suppose -r = 8*j - 1262. What is the tens digit of j?
4
Let j = 74660 + 21491. What is the tens digit of j?
5
Let q(i) = 5*i**3 + 3*i**2 - 6*i - 1. Let d(s) = 24*s**3 + 16*s**2 - 29*s - 4. Let j(k) = 4*d(k) - 19*q(k). Let u = -12 - -5. What is the tens digit of j(u)?
1
Let i = -13233 - -21143. What is the tens digit of i?
1
What is the hundreds digit of (1248/(-72))/(8/(-522))?
1
Suppose -3 = -3*j + 2*j. Let o(a) = -7*a + 43. Let l be o(-9). Suppose -2*i = -2*k + l + 18, -j*k + 176 = -i. What is the tens digit of k?
5
Let p = 111 - 177. What is the hundreds digit of 110/p - 998/(-3)?
3
Let m = 112 + -53. Suppose m = -u + 3*o - o, o = 4*u + 201. Let n = u + 72. What is the tens digit of n?
2
Let x = -1328 - -2142. Suppose l - 184 = 4*j + 610, -j = l - x. What is the hundreds digit of l?
8
Let q = 8 - 2. Let p(d) = 3*d**2 - 8*d + 1. Let t be p(q). Let s = t - 55. What is the units digit of s?
6
Let n = 3141 + 1185. What is the hundreds digit of n?
3
Suppose 637 - 60 = 5*x - 2*v, v + 347 = 3*x. Suppose -2*q + c + 2051 = x, 0 = -q - 2*c + 957. What is the hundreds digit of q?
9
Let f = -4092 - -12790. What is the thousands digit of f?
8
Suppose -3*n - k - 56 = 4*k, 5*n + 2*k + 125 = 0. What is the tens digit of -15*(-9)/(n/(-146))?
3
Let z = 238 - 376. What is the hundreds digit of (z/15)/((-18)/(-15))*-27?
2
Suppose -5*r = -2*b + 3*b + 734, 0 = 3*r - 3*b + 426. Let t = r + 457. What is the units digit of t?
1
Suppose 3*u + 2*u + 15 = 5*k, 0 = 3*u - 12. Suppose 4*x + 0*x = 1240. Suppose -x = -3*m - k*m. What is the tens digit of m?
3
Suppose -3*g + 6 = 0, -209 = 5*n + g + 2119. Let y = n + 750. What is the units digit of y?
4
Let k be (-14)/(-35) + 54/(-10). What is the hundreds digit of ((-46)/(-10) + k)/(2/(-940))?
1
Let b = -20 + 20. Suppose -9*g + 997 + 1451 = b. Let o = -92 + g. What is the tens digit of o?
8
Let n = 1379 - 154. Suppose 9 = 2*q - 1, -2*m + q = -n. Let b = 893 - m. What is the units digit of b?
8
Let c = 2511 - -2783. What is the tens digit of c?
9
Suppose t = 3, 3*t + 102 = -2*q + 1305. Let y = q + -268. What is the hundreds digit of y?
3
Let r(t) = -48*t**3 + 22*t**2 - 16*t - 10. What is the thousands digit of r(-7)?
7
Suppose 71 = 12*o - 11*o. Suppose 84*m - o*m = 3068. What is the tens digit of m?
3
Let k = -22 - 399. Let n = k + 700. What is the units digit of (-2)/(-4) - n*(-4)/8?
0
What is the hundreds digit of 11433*(105/45 - 2)?
8
Let d(t) = 3*t - 29. Let u be d(11). Suppose -u*p + 14 = -10. What is the units digit of (-2*(-164)/(-24))/((-2)/p)?
1
Let w(j) = 700*j + 2454. What is the hundreds digit of w(14)?
2
Let v be 1 - (-4 + -205) - (4 + -4). Suppose 13*u - 2251 + v = 0. What is the tens digit of u?
5
Let w be -2*(-18)/(-10)*(-175)/14. Let n = -54 + w. Let p(s) = s**3 + 8*s**2 - 13*s - 8. What is the units digit of p(n)?
8
Suppose -29052 = -12*y + 3*y. What is the tens digit of y?
2
Let q(b) = 4*b - 7. Suppose -5*h - 24 = -3*p, 2*p + 2 = 5*h + 23. Suppose p*u + 9 = 36. What is the tens digit of q(u)?
2
Let g(x) = 275*x - 90. Let z be g(10). Suppose 2031 - 5387 = -5*y + 4*m, 4*y = -3*m + z. What is the hundreds digit of y?
6
Let t = 11 + 12. Suppose -5*p - 2*b + 4580 = 0, -5*b = -21*p + t*p - 1832. What is the tens digit of p?
1
Let m(o) be the second derivative of -o**5/20 + 11*o**4/6 - 31*o**3/6 - o**2/2 + 34*o - 1. What is the hundreds digit of m(17)?
9
Suppose 5*z + 1 = x - 7, 0 = 2*z + 2*x - 4. Let b be (6/15)/(z/(-5*11)). Let n = b - -6. What is the tens digit of n?
2
Suppose 69 - 75 = 2*j. Let f = -1 - -3. What is the tens digit of f/((-4)/(-22)) - j?
1
Let f be 4/((3/2)/((-27)/(-36))). Suppose f*b - 2 = b. What is the units digit of b?
2
Let c(m) = m. Let h(b) = b**3 - 13*b**2 + 13*b - 16. Let f = 63 + -64. Let t(x) = f*h(x) + 6*c(x). What is the units digit of t(12)?
6
Suppose 22*t - 18*t + 2*m = -20, 3*t = -5*m - 1. What is the tens digit of 243*2*(-6 + (-49)/t)?
8
Suppose -4*g = -6*g - 5108. Let j = g + 3720. What is the hundreds digit of j?
1
Let n be 30/315 + 6/(-63). What is the units digit of 23450/35*(n + 1)?
0
Let t be (-1076)/6 + (-14)/21. Let f = -70 - t. What is the units digit of f?
0
Suppose 5*n + 3*a = 5869, -2*n + 3*a = -5*n + 3519. Suppose 3*r - n + 194 = 0. What is the units digit of r?
7
Suppose 42*t = 53*t + 110. Let m = 891 - t. What is the units digit of m?
1
Suppose -u + 270 = 2*u. Let z = u - 86. Suppose -z*n + 464 = -n - 4*f, -750 = -5*n - 5*f. What is the hundreds digit of n?
1
Suppose 4*u = 6 + 6. Let o(k) = 65*k + 23. What is the units digit of o(u)?
8
Let x = 56 + -7. Let j be 10/(-5) - (-75 - -2). Suppose -j = -l + x. What is the tens digit of l?
2
Let n = 41 - 34. Let u be n/28 + (-57)/(-12). Suppose -u*h + 2*v + 482 = -h, 3*v = -h + 110. What is the units digit of h?
9
Let d = -12062 + 21234. What is the thousands digit of d?
9
What is the hundreds digit of -15 + (78379 - -6) - -10?
3
Suppose 0 = 3*t - 2 - 52. Suppose c - 7022 = 4*m, -449*m + 453*m + 3*c + 7030 = 0. What is the hundreds digit of t/12 - m/8?
2
Let z(x) = x**3 + 52*x**2 - 25*x + 61. What is the thousands digit of z(-31)?
1
Let u be (6/(-15))/(((-2)/30)/(-1)). Let n(p) = -p**3 + 7*p**2 + 9*p + 2. What is the units digit of n(u)?
6
What is the tens digit of 40/70 - ((-2)/(-14))/((-2)/131564)?
9
Let y = -532 + 537. Suppose -18*r + 13*r + 1677 = -j, -y*j + 351 = r. What is the units digit of r?
6
Let x = -24314 - -38472. What is the thousands digit of x?
4
Let p be (-210)/(-4)*(-10)/(-15)*1. Let u(t) = -t**2 - 7*t + 2. Let l be u(-7). Suppose -l*g + p + 51 = 0. What is the tens digit of g?
4
Let m(u) be the third derivative of -5*u**4/4 - 11*u**3 - u**2 + 10*u. What is the tens digit of m(-4)?
5
Let t(b) = -26*b - 1 + 48*b + 64*b**2 - 3 - 26*b. Let u be t(-2). Suppose 3*q - 112 = u. What is the hundreds digit of q?
1
Let q(c) = c**2 - 19*c + 32. Let x be q(14). Let d be x/171 + (-508)/(-18). What is the units digit of 54 - (-7)/(d/12)?
7
Let h = 786 - -4920. What is the hundreds digit of h?
7
Suppose p + 4*p = 30. Let f(q) = -p*q + 2 + 2 - 1. What is the units digit of f(-3)?
1
Suppose -18*o = -13*o - 5. What is the hundreds digit of 4/(-18) - o/(9/(-2000))?
2
Suppose -94287 + 248535 = 8*p. What is the units digit of p?
1
Let d = 4484 + 5242. Wh